{"id":168,"date":"2018-06-19T13:42:19","date_gmt":"2018-06-19T11:42:19","guid":{"rendered":"http:\/\/kavea-martinique.com\/?product=rockstar-legend-red-printed-tshirt"},"modified":"2024-02-23T16:27:11","modified_gmt":"2024-02-23T20:27:11","slug":"champagne-etienne-doue-enjoy-blanc","status":"publish","type":"product","link":"https:\/\/kavea-martinique.com\/?product=champagne-etienne-doue-enjoy-blanc","title":{"rendered":"Champagne Etienne Dou\u00e9 EnJoy &#8211; Blanc de blancs"},"content":{"rendered":"","protected":false},"excerpt":{"rendered":"<p><em><strong>C\u00e9page : <\/strong><\/em>100% Chardonnay &#8211; Blanc de blancs<br \/>\n<em><strong>Cuv\u00e9e : <\/strong><\/em>En&rsquo;Joy<br \/>\n<em><strong>Mill\u00e9sime :\u00a0<\/strong><\/em><br \/>\n<em><strong>Label : <\/strong><\/em>Haute Valeur Environnementale<br \/>\n<em><strong>Contenance :<\/strong><\/em>\u00a075 cl<br \/>\n<em><strong>Garde :<\/strong><\/em> 3 ans<br \/>\n<em><strong>Degr\u00e9s d\u2019alcool :<\/strong>\u00a0<\/em>12,5 \u00b0<br \/>\n<em><strong>Accords mets et vins : <\/strong><\/em>Ap\u00e9ritif dinatoire<br \/>\n<em><strong>Temp\u00e9rature de service :<\/strong><\/em> 10 \u00b0<br \/>\n<em><strong>Robe : <\/strong><\/em>Robe jaune p\u00e2le aux reflets or blanc<br \/>\n<em><strong>Nez : <\/strong><\/em>Poire, citron jaune et ananas<br \/>\n<em><strong>Bouche :<\/strong><\/em> Soyeuse et d\u00e9salt\u00e9rante, fruits blancs frais<\/p>\n","protected":false},"featured_media":2533,"comment_status":"open","ping_status":"closed","template":"","meta":{"site-sidebar-layout":"default","site-content-layout":"default","ast-site-content-layout":"default","site-content-style":"default","site-sidebar-style":"default","ast-global-header-display":"","ast-banner-title-visibility":"","ast-main-header-display":"","ast-hfb-above-header-display":"","ast-hfb-below-header-display":"","ast-hfb-mobile-header-display":"","site-post-title":"","ast-breadcrumbs-content":"","ast-featured-img":"","footer-sml-layout":"","theme-transparent-header-meta":"default","adv-header-id-meta":"","stick-header-meta":"","header-above-stick-meta":"","header-main-stick-meta":"","header-below-stick-meta":"","astra-migrate-meta-layouts":"set","ast-page-background-enabled":"default","ast-page-background-meta":{"desktop":{"background-color":"","background-image":"","background-repeat":"repeat","background-position":"center center","background-size":"auto","background-attachment":"scroll","background-type":"","background-media":"","overlay-type":"","overlay-color":"","overlay-gradient":""},"tablet":{"background-color":"","background-image":"","background-repeat":"repeat","background-position":"center center","background-size":"auto","background-attachment":"scroll","background-type":"","background-media":"","overlay-type":"","overlay-color":"","overlay-gradient":""},"mobile":{"background-color":"","background-image":"","background-repeat":"repeat","background-position":"center center","background-size":"auto","background-attachment":"scroll","background-type":"","background-media":"","overlay-type":"","overlay-color":"","overlay-gradient":""}},"ast-content-background-meta":{"desktop":{"background-color":"var(--ast-global-color-5)","background-image":"","background-repeat":"repeat","background-position":"center center","background-size":"auto","background-attachment":"scroll","background-type":"","background-media":"","overlay-type":"","overlay-color":"","overlay-gradient":""},"tablet":{"background-color":"var(--ast-global-color-5)","background-image":"","background-repeat":"repeat","background-position":"center center","background-size":"auto","background-attachment":"scroll","background-type":"","background-media":"","overlay-type":"","overlay-color":"","overlay-gradient":""},"mobile":{"background-color":"var(--ast-global-color-5)","background-image":"","background-repeat":"repeat","background-position":"center center","background-size":"auto","background-attachment":"scroll","background-type":"","background-media":"","overlay-type":"","overlay-color":"","overlay-gradient":""}},"_themeisle_gutenberg_block_has_review":false},"product_brand":[],"product_cat":[23],"product_tag":[],"class_list":{"0":"post-168","1":"product","2":"type-product","3":"status-publish","4":"has-post-thumbnail","6":"product_cat-champagne-et-bulles","7":"desktop-align-left","8":"tablet-align-left","9":"mobile-align-left","11":"first","12":"instock","13":"featured","14":"shipping-taxable","15":"purchasable","16":"product-type-simple"},"yoast_head":"<!-- This site is optimized with the Yoast SEO plugin v27.4 - https:\/\/yoast.com\/product\/yoast-seo-wordpress\/ -->\n<title>Champagne Etienne Dou\u00e9 EnJoy - Blanc de blancs - Kav\u00e9a | Cave \u00e0 vins et champagnes | Epicerie fine | Le Robert Martinique<\/title>\n<meta name=\"robots\" content=\"index, follow, max-snippet:-1, max-image-preview:large, max-video-preview:-1\" \/>\n<link rel=\"canonical\" href=\"https:\/\/kavea-martinique.com\/?product=champagne-etienne-doue-enjoy-blanc\" \/>\n<meta property=\"og:locale\" content=\"fr_FR\" \/>\n<meta property=\"og:type\" content=\"article\" \/>\n<meta property=\"og:title\" content=\"Champagne Etienne Dou\u00e9 EnJoy - Blanc de blancs - Kav\u00e9a | Cave \u00e0 vins et champagnes | Epicerie fine | Le Robert Martinique\" \/>\n<meta property=\"og:description\" content=\"C\u00e9page : 100% Chardonnay - Blanc de blancs Cuv\u00e9e : En&#039;Joy Mill\u00e9sime :\u00a0 Label : Haute Valeur Environnementale Contenance :\u00a075 cl Garde : 3 ans Degr\u00e9s d\u2019alcool :\u00a012,5 \u00b0 Accords mets et vins : Ap\u00e9ritif dinatoire Temp\u00e9rature de service : 10 \u00b0 Robe : Robe jaune p\u00e2le aux reflets or blanc Nez : Poire, citron jaune et ananas Bouche : Soyeuse et d\u00e9salt\u00e9rante, fruits blancs frais\" \/>\n<meta property=\"og:url\" content=\"https:\/\/kavea-martinique.com\/?product=champagne-etienne-doue-enjoy-blanc\" \/>\n<meta property=\"og:site_name\" content=\"Kav\u00e9a | Cave \u00e0 vins et champagnes | Epicerie fine | Le Robert Martinique\" \/>\n<meta property=\"article:modified_time\" content=\"2024-02-23T20:27:11+00:00\" \/>\n<meta property=\"og:image\" content=\"https:\/\/kavea-martinique.com\/wp-content\/uploads\/2018\/06\/Sans_titre-removebg-preview-1.png\" \/>\n\t<meta property=\"og:image:width\" content=\"387\" \/>\n\t<meta property=\"og:image:height\" content=\"645\" \/>\n\t<meta property=\"og:image:type\" content=\"image\/png\" \/>\n<meta name=\"twitter:card\" content=\"summary_large_image\" \/>\n<meta name=\"twitter:label1\" content=\"Dur\u00e9e de lecture estim\u00e9e\" \/>\n\t<meta name=\"twitter:data1\" content=\"1 minute\" \/>\n<script type=\"application\/ld+json\" class=\"yoast-schema-graph\">{\"@context\":\"https:\\\/\\\/schema.org\",\"@graph\":[{\"@type\":\"WebPage\",\"@id\":\"https:\\\/\\\/kavea-martinique.com\\\/?product=champagne-etienne-doue-enjoy-blanc\",\"url\":\"https:\\\/\\\/kavea-martinique.com\\\/?product=champagne-etienne-doue-enjoy-blanc\",\"name\":\"Champagne Etienne Dou\u00e9 EnJoy - Blanc de blancs - Kav\u00e9a | Cave \u00e0 vins et champagnes | Epicerie fine | Le Robert Martinique\",\"isPartOf\":{\"@id\":\"https:\\\/\\\/kavea-martinique.com\\\/#website\"},\"primaryImageOfPage\":{\"@id\":\"https:\\\/\\\/kavea-martinique.com\\\/?product=champagne-etienne-doue-enjoy-blanc#primaryimage\"},\"image\":{\"@id\":\"https:\\\/\\\/kavea-martinique.com\\\/?product=champagne-etienne-doue-enjoy-blanc#primaryimage\"},\"thumbnailUrl\":\"https:\\\/\\\/i0.wp.com\\\/kavea-martinique.com\\\/wp-content\\\/uploads\\\/2018\\\/06\\\/Sans_titre-removebg-preview-1.png?fit=387%2C645&ssl=1\",\"datePublished\":\"2018-06-19T11:42:19+00:00\",\"dateModified\":\"2024-02-23T20:27:11+00:00\",\"breadcrumb\":{\"@id\":\"https:\\\/\\\/kavea-martinique.com\\\/?product=champagne-etienne-doue-enjoy-blanc#breadcrumb\"},\"inLanguage\":\"fr-FR\",\"potentialAction\":[{\"@type\":\"ReadAction\",\"target\":[\"https:\\\/\\\/kavea-martinique.com\\\/?product=champagne-etienne-doue-enjoy-blanc\"]}]},{\"@type\":\"ImageObject\",\"inLanguage\":\"fr-FR\",\"@id\":\"https:\\\/\\\/kavea-martinique.com\\\/?product=champagne-etienne-doue-enjoy-blanc#primaryimage\",\"url\":\"https:\\\/\\\/i0.wp.com\\\/kavea-martinique.com\\\/wp-content\\\/uploads\\\/2018\\\/06\\\/Sans_titre-removebg-preview-1.png?fit=387%2C645&ssl=1\",\"contentUrl\":\"https:\\\/\\\/i0.wp.com\\\/kavea-martinique.com\\\/wp-content\\\/uploads\\\/2018\\\/06\\\/Sans_titre-removebg-preview-1.png?fit=387%2C645&ssl=1\",\"width\":387,\"height\":645},{\"@type\":\"BreadcrumbList\",\"@id\":\"https:\\\/\\\/kavea-martinique.com\\\/?product=champagne-etienne-doue-enjoy-blanc#breadcrumb\",\"itemListElement\":[{\"@type\":\"ListItem\",\"position\":1,\"name\":\"Accueil\",\"item\":\"https:\\\/\\\/kavea-martinique.com\\\/\"},{\"@type\":\"ListItem\",\"position\":2,\"name\":\"Shop\",\"item\":\"https:\\\/\\\/kavea-martinique.com\\\/?page_id=401\"},{\"@type\":\"ListItem\",\"position\":3,\"name\":\"Champagne Etienne Dou\u00e9 EnJoy &#8211; Blanc de blancs\"}]},{\"@type\":\"WebSite\",\"@id\":\"https:\\\/\\\/kavea-martinique.com\\\/#website\",\"url\":\"https:\\\/\\\/kavea-martinique.com\\\/\",\"name\":\"Kav\u00e9a | Cave \u00e0 vins et champagnes | Epicerie fine | Le Robert Martinique\",\"description\":\"Cave \u00e0 vins \u00e9v\u00e8nementielle 100% Vignerons Ind\u00e9pendants \u00e9coresponsables. D\u00e9gustations sur mesure. Click &amp; Collect Livraison \u00e0 domicile\",\"publisher\":{\"@id\":\"https:\\\/\\\/kavea-martinique.com\\\/#organization\"},\"potentialAction\":[{\"@type\":\"SearchAction\",\"target\":{\"@type\":\"EntryPoint\",\"urlTemplate\":\"https:\\\/\\\/kavea-martinique.com\\\/?s={search_term_string}\"},\"query-input\":{\"@type\":\"PropertyValueSpecification\",\"valueRequired\":true,\"valueName\":\"search_term_string\"}}],\"inLanguage\":\"fr-FR\"},{\"@type\":\"Organization\",\"@id\":\"https:\\\/\\\/kavea-martinique.com\\\/#organization\",\"name\":\"Kav\u00e9a | Cave \u00e0 vins et champagnes | Epicerie fine | Le Robert Martinique\",\"url\":\"https:\\\/\\\/kavea-martinique.com\\\/\",\"logo\":{\"@type\":\"ImageObject\",\"inLanguage\":\"fr-FR\",\"@id\":\"https:\\\/\\\/kavea-martinique.com\\\/#\\\/schema\\\/logo\\\/image\\\/\",\"url\":\"https:\\\/\\\/i0.wp.com\\\/kavea-martinique.com\\\/wp-content\\\/uploads\\\/2022\\\/10\\\/unnamed.png?fit=1280%2C382&ssl=1\",\"contentUrl\":\"https:\\\/\\\/i0.wp.com\\\/kavea-martinique.com\\\/wp-content\\\/uploads\\\/2022\\\/10\\\/unnamed.png?fit=1280%2C382&ssl=1\",\"width\":1280,\"height\":382,\"caption\":\"Kav\u00e9a | Cave \u00e0 vins et champagnes | Epicerie fine | Le Robert Martinique\"},\"image\":{\"@id\":\"https:\\\/\\\/kavea-martinique.com\\\/#\\\/schema\\\/logo\\\/image\\\/\"},\"sameAs\":[\"https:\\\/\\\/www.instagram.com\\\/kaveamartinique\\\/?hl=fr\"]}]}<\/script>\n<!-- \/ Yoast SEO plugin. -->","yoast_head_json":{"title":"Champagne Etienne Dou\u00e9 EnJoy - Blanc de blancs - Kav\u00e9a | Cave \u00e0 vins et champagnes | Epicerie fine | Le Robert Martinique","robots":{"index":"index","follow":"follow","max-snippet":"max-snippet:-1","max-image-preview":"max-image-preview:large","max-video-preview":"max-video-preview:-1"},"canonical":"https:\/\/kavea-martinique.com\/?product=champagne-etienne-doue-enjoy-blanc","og_locale":"fr_FR","og_type":"article","og_title":"Champagne Etienne Dou\u00e9 EnJoy - Blanc de blancs - Kav\u00e9a | Cave \u00e0 vins et champagnes | Epicerie fine | Le Robert Martinique","og_description":"C\u00e9page : 100% Chardonnay - Blanc de blancs Cuv\u00e9e : En'Joy Mill\u00e9sime :\u00a0 Label : Haute Valeur Environnementale Contenance :\u00a075 cl Garde : 3 ans Degr\u00e9s d\u2019alcool :\u00a012,5 \u00b0 Accords mets et vins : Ap\u00e9ritif dinatoire Temp\u00e9rature de service : 10 \u00b0 Robe : Robe jaune p\u00e2le aux reflets or blanc Nez : Poire, citron jaune et ananas Bouche : Soyeuse et d\u00e9salt\u00e9rante, fruits blancs frais","og_url":"https:\/\/kavea-martinique.com\/?product=champagne-etienne-doue-enjoy-blanc","og_site_name":"Kav\u00e9a | Cave \u00e0 vins et champagnes | Epicerie fine | Le Robert Martinique","article_modified_time":"2024-02-23T20:27:11+00:00","og_image":[{"width":387,"height":645,"url":"https:\/\/kavea-martinique.com\/wp-content\/uploads\/2018\/06\/Sans_titre-removebg-preview-1.png","type":"image\/png"}],"twitter_card":"summary_large_image","twitter_misc":{"Dur\u00e9e de lecture estim\u00e9e":"1 minute"},"schema":{"@context":"https:\/\/schema.org","@graph":[{"@type":"WebPage","@id":"https:\/\/kavea-martinique.com\/?product=champagne-etienne-doue-enjoy-blanc","url":"https:\/\/kavea-martinique.com\/?product=champagne-etienne-doue-enjoy-blanc","name":"Champagne Etienne Dou\u00e9 EnJoy - Blanc de blancs - Kav\u00e9a | Cave \u00e0 vins et champagnes | Epicerie fine | Le Robert Martinique","isPartOf":{"@id":"https:\/\/kavea-martinique.com\/#website"},"primaryImageOfPage":{"@id":"https:\/\/kavea-martinique.com\/?product=champagne-etienne-doue-enjoy-blanc#primaryimage"},"image":{"@id":"https:\/\/kavea-martinique.com\/?product=champagne-etienne-doue-enjoy-blanc#primaryimage"},"thumbnailUrl":"https:\/\/i0.wp.com\/kavea-martinique.com\/wp-content\/uploads\/2018\/06\/Sans_titre-removebg-preview-1.png?fit=387%2C645&ssl=1","datePublished":"2018-06-19T11:42:19+00:00","dateModified":"2024-02-23T20:27:11+00:00","breadcrumb":{"@id":"https:\/\/kavea-martinique.com\/?product=champagne-etienne-doue-enjoy-blanc#breadcrumb"},"inLanguage":"fr-FR","potentialAction":[{"@type":"ReadAction","target":["https:\/\/kavea-martinique.com\/?product=champagne-etienne-doue-enjoy-blanc"]}]},{"@type":"ImageObject","inLanguage":"fr-FR","@id":"https:\/\/kavea-martinique.com\/?product=champagne-etienne-doue-enjoy-blanc#primaryimage","url":"https:\/\/i0.wp.com\/kavea-martinique.com\/wp-content\/uploads\/2018\/06\/Sans_titre-removebg-preview-1.png?fit=387%2C645&ssl=1","contentUrl":"https:\/\/i0.wp.com\/kavea-martinique.com\/wp-content\/uploads\/2018\/06\/Sans_titre-removebg-preview-1.png?fit=387%2C645&ssl=1","width":387,"height":645},{"@type":"BreadcrumbList","@id":"https:\/\/kavea-martinique.com\/?product=champagne-etienne-doue-enjoy-blanc#breadcrumb","itemListElement":[{"@type":"ListItem","position":1,"name":"Accueil","item":"https:\/\/kavea-martinique.com\/"},{"@type":"ListItem","position":2,"name":"Shop","item":"https:\/\/kavea-martinique.com\/?page_id=401"},{"@type":"ListItem","position":3,"name":"Champagne Etienne Dou\u00e9 EnJoy &#8211; Blanc de blancs"}]},{"@type":"WebSite","@id":"https:\/\/kavea-martinique.com\/#website","url":"https:\/\/kavea-martinique.com\/","name":"Kav\u00e9a | Cave \u00e0 vins et champagnes | Epicerie fine | Le Robert Martinique","description":"Cave \u00e0 vins \u00e9v\u00e8nementielle 100% Vignerons Ind\u00e9pendants \u00e9coresponsables. D\u00e9gustations sur mesure. Click &amp; Collect Livraison \u00e0 domicile","publisher":{"@id":"https:\/\/kavea-martinique.com\/#organization"},"potentialAction":[{"@type":"SearchAction","target":{"@type":"EntryPoint","urlTemplate":"https:\/\/kavea-martinique.com\/?s={search_term_string}"},"query-input":{"@type":"PropertyValueSpecification","valueRequired":true,"valueName":"search_term_string"}}],"inLanguage":"fr-FR"},{"@type":"Organization","@id":"https:\/\/kavea-martinique.com\/#organization","name":"Kav\u00e9a | Cave \u00e0 vins et champagnes | Epicerie fine | Le Robert Martinique","url":"https:\/\/kavea-martinique.com\/","logo":{"@type":"ImageObject","inLanguage":"fr-FR","@id":"https:\/\/kavea-martinique.com\/#\/schema\/logo\/image\/","url":"https:\/\/i0.wp.com\/kavea-martinique.com\/wp-content\/uploads\/2022\/10\/unnamed.png?fit=1280%2C382&ssl=1","contentUrl":"https:\/\/i0.wp.com\/kavea-martinique.com\/wp-content\/uploads\/2022\/10\/unnamed.png?fit=1280%2C382&ssl=1","width":1280,"height":382,"caption":"Kav\u00e9a | Cave \u00e0 vins et champagnes | Epicerie fine | Le Robert Martinique"},"image":{"@id":"https:\/\/kavea-martinique.com\/#\/schema\/logo\/image\/"},"sameAs":["https:\/\/www.instagram.com\/kaveamartinique\/?hl=fr"]}]}},"jetpack-related-posts":[{"id":3986,"url":"https:\/\/kavea-martinique.com\/?product=chateau-de-belleverne-beaujolais-blanc","url_meta":{"origin":168,"position":0},"title":"Ch\u00e2teau de Belleverne &#8211; Beaujolais Blanc","author":"admin6392","date":"22 f\u00e9vrier 2024","format":false,"excerpt":"C\u00e9page : 100% Chardonnay Cuv\u00e9e : Mill\u00e9sime :\u00a0 2022 Label :\u00a0 Haute Valeur Environnementale Contenance : 75 cl Garde :\u00a0 2 ans Degr\u00e9s d\u2019alcool :\u00a0\u00a013\u00b0 Accords mets et vins : Ceviche de thon, plateau de fromages Temp\u00e9rature de service :\u00a0 9\u00b0 Robe : Jaune p\u00e2le et limpide Nez : Fleurs\u2026","rel":"","context":"Article similaire","block_context":{"text":"Article similaire","link":""},"img":{"alt_text":"","src":"https:\/\/i0.wp.com\/kavea-martinique.com\/wp-content\/uploads\/2024\/02\/PHOTO-BEAUJOLAIS-BLANC.jpg?fit=406%2C609&ssl=1&resize=350%2C200","width":350,"height":200},"classes":[]},{"id":243,"url":"https:\/\/kavea-martinique.com\/?product=baud-generation-9-cremant-du-jura-chardonnay-brut","url_meta":{"origin":168,"position":1},"title":"Baud G\u00e9n\u00e9ration 9 Cr\u00e9mant du Jura Chardonnay (brut &#8211; Blanc de blancs)","author":"Marc-Olivier Renay","date":"20 juin 2018","format":false,"excerpt":"C\u00e9page :\u00a0100% Chardonnay Cuv\u00e9e :\u00a0Brut Blanc de Blancs Mill\u00e9sime : 2020 Label : Haute Valeur Environnementale Contenance :\u00a075 cl Garde : 2 ans Degr\u00e9s d\u2019alcool :\u00a012,5 \u00b0 Accords mets et vins :\u00a0Ananas flamb\u00e9 au rhum vieux Temp\u00e9rature de service :\u00a08 \u00b0 Robe : Jaune p\u00e2le aux reflets verts argent\u00e9s Nez\u2026","rel":"","context":"Article similaire","block_context":{"text":"Article similaire","link":""},"img":{"alt_text":"","src":"https:\/\/i0.wp.com\/kavea-martinique.com\/wp-content\/uploads\/2018\/06\/Baud-Chardonnay-Brut.png?fit=387%2C645&ssl=1&resize=350%2C200","width":350,"height":200},"classes":[]},{"id":2894,"url":"https:\/\/kavea-martinique.com\/?product=domaine-de-la-viaudiere-val-de-loire-chenin-blanc","url_meta":{"origin":168,"position":2},"title":"Domaine de la Viaudi\u00e8re &#8211; Val de Loire Chenin blanc","author":"Marc-Olivier Renay","date":"7 d\u00e9cembre 2022","format":false,"excerpt":"C\u00e9page : 100% Chenin Cuv\u00e9e : Jardin d'\u00e9t\u00e9 Mill\u00e9sime : 2020 Label : Biodynamie Contenance : 75 cl Garde : 3 ans Degr\u00e9s d'alcool : 12,5 \u00b0 Accords mets et vins : Mi-cuit de marlin sauce maracuja Temp\u00e9rature de service : 12 \u00b0 Robe :\u00a0 Jaune l\u00e9ger avec des reflets\u2026","rel":"","context":"Article similaire","block_context":{"text":"Article similaire","link":""},"img":{"alt_text":"","src":"https:\/\/i0.wp.com\/kavea-martinique.com\/wp-content\/uploads\/2022\/12\/La-Viaudiere-Chenin.png?fit=600%2C600&ssl=1&resize=350%2C200","width":350,"height":200,"srcset":"https:\/\/i0.wp.com\/kavea-martinique.com\/wp-content\/uploads\/2022\/12\/La-Viaudiere-Chenin.png?fit=600%2C600&ssl=1&resize=350%2C200 1x, https:\/\/i0.wp.com\/kavea-martinique.com\/wp-content\/uploads\/2022\/12\/La-Viaudiere-Chenin.png?fit=600%2C600&ssl=1&resize=525%2C300 1.5x"},"classes":[]},{"id":3999,"url":"https:\/\/kavea-martinique.com\/?product=lavi-est-belle-blanc","url_meta":{"origin":168,"position":3},"title":"Domaine Christophe Avi &#8211; L&rsquo;Avi est Belle Blanc","author":"admin6392","date":"22 f\u00e9vrier 2024","format":false,"excerpt":"C\u00e9pages : 50% Colombard, 25% Petit Manseng, 25% Gros Manseng Cuv\u00e9e :\u00a0 l'Avi est Belle Mill\u00e9sime :\u00a0 2022 Label : Agriculture Biologique Contenance : 75 cl Garde :\u00a0 3 ans Degr\u00e9s d\u2019alcool :\u00a0\u00a012,5 \u00b0 Accords mets et vins : ap\u00e9ritif, poissons et viandes blanches Temp\u00e9rature de service :\u00a0 9\u00b0 Robe\u2026","rel":"","context":"Article similaire","block_context":{"text":"Article similaire","link":""},"img":{"alt_text":"","src":"https:\/\/i0.wp.com\/kavea-martinique.com\/wp-content\/uploads\/2024\/02\/AVI-BLANC.png?fit=398%2C1200&ssl=1&resize=350%2C200","width":350,"height":200},"classes":[]},{"id":2911,"url":"https:\/\/kavea-martinique.com\/?product=domaine-nudant-bourgogne","url_meta":{"origin":168,"position":4},"title":"Domaine Nudant Bourgogne","author":"Marc-Olivier Renay","date":"7 d\u00e9cembre 2022","format":false,"excerpt":"C\u00e9page : 100% Chardonnay Cuv\u00e9e : Mill\u00e9sime : 2020 Label :\u00a0Haute Valeur Environnementale Contenance : 75 cl Garde : 3 ans Degr\u00e9s d'alcool : 12,5 \u00b0 Accords mets et vins : Plateau de fromages Temp\u00e9rature de service : 12 \u00b0 Robe : Jaune p\u00e2le Nez : Fruits blancs et miel\u2026","rel":"","context":"Article similaire","block_context":{"text":"Article similaire","link":""},"img":{"alt_text":"","src":"https:\/\/i0.wp.com\/kavea-martinique.com\/wp-content\/uploads\/2022\/12\/Domaine-Nudant-Hautes-Cotes-de-Nuits-Bourgogne-BLANC5e73e7c61517d-removebg-preview.png?fit=500%2C500&ssl=1&resize=350%2C200","width":350,"height":200},"classes":[]},{"id":2889,"url":"https:\/\/kavea-martinique.com\/?product=domaine-la-garrigue-vacqueyras","url_meta":{"origin":168,"position":5},"title":"Domaine la Garrigue &#8211; Vacqueyras","author":"Marc-Olivier Renay","date":"7 d\u00e9cembre 2022","format":false,"excerpt":"C\u00e9page : 60 % Clairette, 20 % Grenache blanc, 10 % Roussanne, 10 % Marsanne Cuv\u00e9e : Parfum d'origine Mill\u00e9sime : 2021 Label : Haute Valeur Environnementale Contenance : 75 cl Garde : 5 ans Degr\u00e9s d'alcool : 13 \u00b0 Accords mets et vins : Thon grill\u00e9 en croute de\u2026","rel":"","context":"Article similaire","block_context":{"text":"Article similaire","link":""},"img":{"alt_text":"","src":"https:\/\/i0.wp.com\/kavea-martinique.com\/wp-content\/uploads\/2022\/12\/La-Garrigue-Vacqueyras-Blanc.png?fit=1000%2C1000&ssl=1&resize=350%2C200","width":350,"height":200,"srcset":"https:\/\/i0.wp.com\/kavea-martinique.com\/wp-content\/uploads\/2022\/12\/La-Garrigue-Vacqueyras-Blanc.png?fit=1000%2C1000&ssl=1&resize=350%2C200 1x, https:\/\/i0.wp.com\/kavea-martinique.com\/wp-content\/uploads\/2022\/12\/La-Garrigue-Vacqueyras-Blanc.png?fit=1000%2C1000&ssl=1&resize=525%2C300 1.5x, https:\/\/i0.wp.com\/kavea-martinique.com\/wp-content\/uploads\/2022\/12\/La-Garrigue-Vacqueyras-Blanc.png?fit=1000%2C1000&ssl=1&resize=700%2C400 2x"},"classes":[]}],"jetpack_sharing_enabled":true,"_links":{"self":[{"href":"https:\/\/kavea-martinique.com\/index.php?rest_route=\/wp\/v2\/product\/168","targetHints":{"allow":["GET"]}}],"collection":[{"href":"https:\/\/kavea-martinique.com\/index.php?rest_route=\/wp\/v2\/product"}],"about":[{"href":"https:\/\/kavea-martinique.com\/index.php?rest_route=\/wp\/v2\/types\/product"}],"replies":[{"embeddable":true,"href":"https:\/\/kavea-martinique.com\/index.php?rest_route=%2Fwp%2Fv2%2Fcomments&post=168"}],"wp:featuredmedia":[{"embeddable":true,"href":"https:\/\/kavea-martinique.com\/index.php?rest_route=\/wp\/v2\/media\/2533"}],"wp:attachment":[{"href":"https:\/\/kavea-martinique.com\/index.php?rest_route=%2Fwp%2Fv2%2Fmedia&parent=168"}],"wp:term":[{"taxonomy":"product_brand","embeddable":true,"href":"https:\/\/kavea-martinique.com\/index.php?rest_route=%2Fwp%2Fv2%2Fproduct_brand&post=168"},{"taxonomy":"product_cat","embeddable":true,"href":"https:\/\/kavea-martinique.com\/index.php?rest_route=%2Fwp%2Fv2%2Fproduct_cat&post=168"},{"taxonomy":"product_tag","embeddable":true,"href":"https:\/\/kavea-martinique.com\/index.php?rest_route=%2Fwp%2Fv2%2Fproduct_tag&post=168"}],"curies":[{"name":"wp","href":"https:\/\/api.w.org\/{rel}","templated":true}]}}