{"id":2885,"date":"2022-12-07T18:23:44","date_gmt":"2022-12-07T17:23:44","guid":{"rendered":"https:\/\/kavea-martinique.com\/?post_type=product&#038;p=2885"},"modified":"2023-01-30T16:44:49","modified_gmt":"2023-01-30T15:44:49","slug":"domaine-olivier-hillaire-chateauneuf-du-pape","status":"publish","type":"product","link":"https:\/\/kavea-martinique.com\/?product=domaine-olivier-hillaire-chateauneuf-du-pape","title":{"rendered":"Domaine Olivier Hillaire &#8211; Ch\u00e2teauneuf-du-Pape"},"content":{"rendered":"","protected":false},"excerpt":{"rendered":"<p><em><strong>C\u00e9page :<\/strong><\/em> 90 % Grenache et 10 % Syrah<br \/>\n<em><strong>Cuv\u00e9e :<\/strong><\/em> Domaine O. Hillaire<br \/>\n<em><strong>Mill\u00e9sime :<\/strong><\/em> 2020<br \/>\n<em><strong>Label :<\/strong><\/em> Agriculture Biologique<br \/>\n<em><strong>Contenance :<\/strong><\/em> 75 cl<br \/>\n<em><strong>Garde :<\/strong><\/em> 10 ans<br \/>\n<em><strong>Degr\u00e9s d&rsquo;alcool :<\/strong> <\/em>15 \u00b0<br \/>\n<em><strong>Accords mets et vins : <\/strong><\/em>Magret de canard au piment<br \/>\n<em><strong>Temp\u00e9rature de service :<\/strong><\/em> 16\u00b0<br \/>\n<em><strong>Robe : <\/strong><\/em>Rubis profond<br \/>\n<em><strong>Nez :<\/strong>\u00a0<\/em>Ouvert sur des \u00e9pices et un bois\u00e9 fin<br \/>\n<em><strong>Bouche :\u00a0<\/strong><\/em>Framboise confite persistante, puissante<\/p>\n","protected":false},"featured_media":3093,"comment_status":"open","ping_status":"closed","template":"","meta":{"site-sidebar-layout":"default","site-content-layout":"default","ast-site-content-layout":"","site-content-style":"default","site-sidebar-style":"default","ast-global-header-display":"","ast-banner-title-visibility":"","ast-main-header-display":"","ast-hfb-above-header-display":"","ast-hfb-below-header-display":"","ast-hfb-mobile-header-display":"","site-post-title":"","ast-breadcrumbs-content":"","ast-featured-img":"","footer-sml-layout":"","theme-transparent-header-meta":"default","adv-header-id-meta":"","stick-header-meta":"","header-above-stick-meta":"","header-main-stick-meta":"","header-below-stick-meta":"","astra-migrate-meta-layouts":"default","ast-page-background-enabled":"default","ast-page-background-meta":{"desktop":{"background-color":"","background-image":"","background-repeat":"repeat","background-position":"center center","background-size":"auto","background-attachment":"scroll","background-type":"","background-media":"","overlay-type":"","overlay-color":"","overlay-gradient":""},"tablet":{"background-color":"","background-image":"","background-repeat":"repeat","background-position":"center center","background-size":"auto","background-attachment":"scroll","background-type":"","background-media":"","overlay-type":"","overlay-color":"","overlay-gradient":""},"mobile":{"background-color":"","background-image":"","background-repeat":"repeat","background-position":"center center","background-size":"auto","background-attachment":"scroll","background-type":"","background-media":"","overlay-type":"","overlay-color":"","overlay-gradient":""}},"ast-content-background-meta":{"desktop":{"background-color":"var(--ast-global-color-5)","background-image":"","background-repeat":"repeat","background-position":"center center","background-size":"auto","background-attachment":"scroll","background-type":"","background-media":"","overlay-type":"","overlay-color":"","overlay-gradient":""},"tablet":{"background-color":"var(--ast-global-color-5)","background-image":"","background-repeat":"repeat","background-position":"center center","background-size":"auto","background-attachment":"scroll","background-type":"","background-media":"","overlay-type":"","overlay-color":"","overlay-gradient":""},"mobile":{"background-color":"var(--ast-global-color-5)","background-image":"","background-repeat":"repeat","background-position":"center center","background-size":"auto","background-attachment":"scroll","background-type":"","background-media":"","overlay-type":"","overlay-color":"","overlay-gradient":""}},"_themeisle_gutenberg_block_has_review":false},"product_brand":[],"product_cat":[34,28],"product_tag":[],"class_list":{"0":"post-2885","1":"product","2":"type-product","3":"status-publish","4":"has-post-thumbnail","6":"product_cat-vallee-du-rhone","7":"product_cat-vins-rouges","8":"desktop-align-left","9":"tablet-align-left","10":"mobile-align-left","12":"first","13":"instock","14":"shipping-taxable","15":"purchasable","16":"product-type-simple"},"yoast_head":"<!-- This site is optimized with the Yoast SEO plugin v27.4 - https:\/\/yoast.com\/product\/yoast-seo-wordpress\/ -->\n<title>Domaine Olivier Hillaire - Ch\u00e2teauneuf-du-Pape - Kav\u00e9a | Cave \u00e0 vins et champagnes | Epicerie fine | Le Robert Martinique<\/title>\n<meta name=\"robots\" content=\"index, follow, max-snippet:-1, max-image-preview:large, max-video-preview:-1\" \/>\n<link rel=\"canonical\" href=\"https:\/\/kavea-martinique.com\/?product=domaine-olivier-hillaire-chateauneuf-du-pape\" \/>\n<meta property=\"og:locale\" content=\"fr_FR\" \/>\n<meta property=\"og:type\" content=\"article\" \/>\n<meta property=\"og:title\" content=\"Domaine Olivier Hillaire - Ch\u00e2teauneuf-du-Pape - Kav\u00e9a | Cave \u00e0 vins et champagnes | Epicerie fine | Le Robert Martinique\" \/>\n<meta property=\"og:description\" content=\"C\u00e9page : 90 % Grenache et 10 % Syrah Cuv\u00e9e : Domaine O. Hillaire Mill\u00e9sime : 2020 Label : Agriculture Biologique Contenance : 75 cl Garde : 10 ans Degr\u00e9s d&#039;alcool : 15 \u00b0 Accords mets et vins : Magret de canard au piment Temp\u00e9rature de service : 16\u00b0 Robe : Rubis profond Nez :\u00a0Ouvert sur des \u00e9pices et un bois\u00e9 fin Bouche :\u00a0Framboise confite persistante, puissante\" \/>\n<meta property=\"og:url\" content=\"https:\/\/kavea-martinique.com\/?product=domaine-olivier-hillaire-chateauneuf-du-pape\" \/>\n<meta property=\"og:site_name\" content=\"Kav\u00e9a | Cave \u00e0 vins et champagnes | Epicerie fine | Le Robert Martinique\" \/>\n<meta property=\"article:modified_time\" content=\"2023-01-30T15:44:49+00:00\" \/>\n<meta property=\"og:image\" content=\"https:\/\/i0.wp.com\/kavea-martinique.com\/wp-content\/uploads\/2022\/12\/Olivier-Hillaire-Chateauneuf-du-Pape-2020.png?fit=750%2C1125&ssl=1\" \/>\n\t<meta property=\"og:image:width\" content=\"750\" \/>\n\t<meta property=\"og:image:height\" content=\"1125\" \/>\n\t<meta property=\"og:image:type\" content=\"image\/png\" \/>\n<meta name=\"twitter:card\" content=\"summary_large_image\" \/>\n<script type=\"application\/ld+json\" class=\"yoast-schema-graph\">{\"@context\":\"https:\\\/\\\/schema.org\",\"@graph\":[{\"@type\":\"WebPage\",\"@id\":\"https:\\\/\\\/kavea-martinique.com\\\/?product=domaine-olivier-hillaire-chateauneuf-du-pape\",\"url\":\"https:\\\/\\\/kavea-martinique.com\\\/?product=domaine-olivier-hillaire-chateauneuf-du-pape\",\"name\":\"Domaine Olivier Hillaire - Ch\u00e2teauneuf-du-Pape - Kav\u00e9a | Cave \u00e0 vins et champagnes | Epicerie fine | Le Robert Martinique\",\"isPartOf\":{\"@id\":\"https:\\\/\\\/kavea-martinique.com\\\/#website\"},\"primaryImageOfPage\":{\"@id\":\"https:\\\/\\\/kavea-martinique.com\\\/?product=domaine-olivier-hillaire-chateauneuf-du-pape#primaryimage\"},\"image\":{\"@id\":\"https:\\\/\\\/kavea-martinique.com\\\/?product=domaine-olivier-hillaire-chateauneuf-du-pape#primaryimage\"},\"thumbnailUrl\":\"https:\\\/\\\/i0.wp.com\\\/kavea-martinique.com\\\/wp-content\\\/uploads\\\/2022\\\/12\\\/Olivier-Hillaire-Chateauneuf-du-Pape-2020.png?fit=750%2C1125&ssl=1\",\"datePublished\":\"2022-12-07T17:23:44+00:00\",\"dateModified\":\"2023-01-30T15:44:49+00:00\",\"breadcrumb\":{\"@id\":\"https:\\\/\\\/kavea-martinique.com\\\/?product=domaine-olivier-hillaire-chateauneuf-du-pape#breadcrumb\"},\"inLanguage\":\"fr-FR\",\"potentialAction\":[{\"@type\":\"ReadAction\",\"target\":[\"https:\\\/\\\/kavea-martinique.com\\\/?product=domaine-olivier-hillaire-chateauneuf-du-pape\"]}]},{\"@type\":\"ImageObject\",\"inLanguage\":\"fr-FR\",\"@id\":\"https:\\\/\\\/kavea-martinique.com\\\/?product=domaine-olivier-hillaire-chateauneuf-du-pape#primaryimage\",\"url\":\"https:\\\/\\\/i0.wp.com\\\/kavea-martinique.com\\\/wp-content\\\/uploads\\\/2022\\\/12\\\/Olivier-Hillaire-Chateauneuf-du-Pape-2020.png?fit=750%2C1125&ssl=1\",\"contentUrl\":\"https:\\\/\\\/i0.wp.com\\\/kavea-martinique.com\\\/wp-content\\\/uploads\\\/2022\\\/12\\\/Olivier-Hillaire-Chateauneuf-du-Pape-2020.png?fit=750%2C1125&ssl=1\",\"width\":750,\"height\":1125},{\"@type\":\"BreadcrumbList\",\"@id\":\"https:\\\/\\\/kavea-martinique.com\\\/?product=domaine-olivier-hillaire-chateauneuf-du-pape#breadcrumb\",\"itemListElement\":[{\"@type\":\"ListItem\",\"position\":1,\"name\":\"Accueil\",\"item\":\"https:\\\/\\\/kavea-martinique.com\\\/\"},{\"@type\":\"ListItem\",\"position\":2,\"name\":\"Shop\",\"item\":\"https:\\\/\\\/kavea-martinique.com\\\/?page_id=401\"},{\"@type\":\"ListItem\",\"position\":3,\"name\":\"Domaine Olivier Hillaire &#8211; Ch\u00e2teauneuf-du-Pape\"}]},{\"@type\":\"WebSite\",\"@id\":\"https:\\\/\\\/kavea-martinique.com\\\/#website\",\"url\":\"https:\\\/\\\/kavea-martinique.com\\\/\",\"name\":\"Kav\u00e9a | Cave \u00e0 vins et champagnes | Epicerie fine | Le Robert Martinique\",\"description\":\"Cave \u00e0 vins \u00e9v\u00e8nementielle 100% Vignerons Ind\u00e9pendants \u00e9coresponsables. D\u00e9gustations sur mesure. Click &amp; Collect Livraison \u00e0 domicile\",\"publisher\":{\"@id\":\"https:\\\/\\\/kavea-martinique.com\\\/#organization\"},\"potentialAction\":[{\"@type\":\"SearchAction\",\"target\":{\"@type\":\"EntryPoint\",\"urlTemplate\":\"https:\\\/\\\/kavea-martinique.com\\\/?s={search_term_string}\"},\"query-input\":{\"@type\":\"PropertyValueSpecification\",\"valueRequired\":true,\"valueName\":\"search_term_string\"}}],\"inLanguage\":\"fr-FR\"},{\"@type\":\"Organization\",\"@id\":\"https:\\\/\\\/kavea-martinique.com\\\/#organization\",\"name\":\"Kav\u00e9a | Cave \u00e0 vins et champagnes | Epicerie fine | Le Robert Martinique\",\"url\":\"https:\\\/\\\/kavea-martinique.com\\\/\",\"logo\":{\"@type\":\"ImageObject\",\"inLanguage\":\"fr-FR\",\"@id\":\"https:\\\/\\\/kavea-martinique.com\\\/#\\\/schema\\\/logo\\\/image\\\/\",\"url\":\"https:\\\/\\\/i0.wp.com\\\/kavea-martinique.com\\\/wp-content\\\/uploads\\\/2022\\\/10\\\/unnamed.png?fit=1280%2C382&ssl=1\",\"contentUrl\":\"https:\\\/\\\/i0.wp.com\\\/kavea-martinique.com\\\/wp-content\\\/uploads\\\/2022\\\/10\\\/unnamed.png?fit=1280%2C382&ssl=1\",\"width\":1280,\"height\":382,\"caption\":\"Kav\u00e9a | Cave \u00e0 vins et champagnes | Epicerie fine | Le Robert Martinique\"},\"image\":{\"@id\":\"https:\\\/\\\/kavea-martinique.com\\\/#\\\/schema\\\/logo\\\/image\\\/\"},\"sameAs\":[\"https:\\\/\\\/www.instagram.com\\\/kaveamartinique\\\/?hl=fr\"]}]}<\/script>\n<!-- \/ Yoast SEO plugin. -->","yoast_head_json":{"title":"Domaine Olivier Hillaire - Ch\u00e2teauneuf-du-Pape - Kav\u00e9a | Cave \u00e0 vins et champagnes | Epicerie fine | Le Robert Martinique","robots":{"index":"index","follow":"follow","max-snippet":"max-snippet:-1","max-image-preview":"max-image-preview:large","max-video-preview":"max-video-preview:-1"},"canonical":"https:\/\/kavea-martinique.com\/?product=domaine-olivier-hillaire-chateauneuf-du-pape","og_locale":"fr_FR","og_type":"article","og_title":"Domaine Olivier Hillaire - Ch\u00e2teauneuf-du-Pape - Kav\u00e9a | Cave \u00e0 vins et champagnes | Epicerie fine | Le Robert Martinique","og_description":"C\u00e9page : 90 % Grenache et 10 % Syrah Cuv\u00e9e : Domaine O. Hillaire Mill\u00e9sime : 2020 Label : Agriculture Biologique Contenance : 75 cl Garde : 10 ans Degr\u00e9s d'alcool : 15 \u00b0 Accords mets et vins : Magret de canard au piment Temp\u00e9rature de service : 16\u00b0 Robe : Rubis profond Nez :\u00a0Ouvert sur des \u00e9pices et un bois\u00e9 fin Bouche :\u00a0Framboise confite persistante, puissante","og_url":"https:\/\/kavea-martinique.com\/?product=domaine-olivier-hillaire-chateauneuf-du-pape","og_site_name":"Kav\u00e9a | Cave \u00e0 vins et champagnes | Epicerie fine | Le Robert Martinique","article_modified_time":"2023-01-30T15:44:49+00:00","og_image":[{"width":750,"height":1125,"url":"https:\/\/i0.wp.com\/kavea-martinique.com\/wp-content\/uploads\/2022\/12\/Olivier-Hillaire-Chateauneuf-du-Pape-2020.png?fit=750%2C1125&ssl=1","type":"image\/png"}],"twitter_card":"summary_large_image","schema":{"@context":"https:\/\/schema.org","@graph":[{"@type":"WebPage","@id":"https:\/\/kavea-martinique.com\/?product=domaine-olivier-hillaire-chateauneuf-du-pape","url":"https:\/\/kavea-martinique.com\/?product=domaine-olivier-hillaire-chateauneuf-du-pape","name":"Domaine Olivier Hillaire - Ch\u00e2teauneuf-du-Pape - Kav\u00e9a | Cave \u00e0 vins et champagnes | Epicerie fine | Le Robert Martinique","isPartOf":{"@id":"https:\/\/kavea-martinique.com\/#website"},"primaryImageOfPage":{"@id":"https:\/\/kavea-martinique.com\/?product=domaine-olivier-hillaire-chateauneuf-du-pape#primaryimage"},"image":{"@id":"https:\/\/kavea-martinique.com\/?product=domaine-olivier-hillaire-chateauneuf-du-pape#primaryimage"},"thumbnailUrl":"https:\/\/i0.wp.com\/kavea-martinique.com\/wp-content\/uploads\/2022\/12\/Olivier-Hillaire-Chateauneuf-du-Pape-2020.png?fit=750%2C1125&ssl=1","datePublished":"2022-12-07T17:23:44+00:00","dateModified":"2023-01-30T15:44:49+00:00","breadcrumb":{"@id":"https:\/\/kavea-martinique.com\/?product=domaine-olivier-hillaire-chateauneuf-du-pape#breadcrumb"},"inLanguage":"fr-FR","potentialAction":[{"@type":"ReadAction","target":["https:\/\/kavea-martinique.com\/?product=domaine-olivier-hillaire-chateauneuf-du-pape"]}]},{"@type":"ImageObject","inLanguage":"fr-FR","@id":"https:\/\/kavea-martinique.com\/?product=domaine-olivier-hillaire-chateauneuf-du-pape#primaryimage","url":"https:\/\/i0.wp.com\/kavea-martinique.com\/wp-content\/uploads\/2022\/12\/Olivier-Hillaire-Chateauneuf-du-Pape-2020.png?fit=750%2C1125&ssl=1","contentUrl":"https:\/\/i0.wp.com\/kavea-martinique.com\/wp-content\/uploads\/2022\/12\/Olivier-Hillaire-Chateauneuf-du-Pape-2020.png?fit=750%2C1125&ssl=1","width":750,"height":1125},{"@type":"BreadcrumbList","@id":"https:\/\/kavea-martinique.com\/?product=domaine-olivier-hillaire-chateauneuf-du-pape#breadcrumb","itemListElement":[{"@type":"ListItem","position":1,"name":"Accueil","item":"https:\/\/kavea-martinique.com\/"},{"@type":"ListItem","position":2,"name":"Shop","item":"https:\/\/kavea-martinique.com\/?page_id=401"},{"@type":"ListItem","position":3,"name":"Domaine Olivier Hillaire &#8211; Ch\u00e2teauneuf-du-Pape"}]},{"@type":"WebSite","@id":"https:\/\/kavea-martinique.com\/#website","url":"https:\/\/kavea-martinique.com\/","name":"Kav\u00e9a | Cave \u00e0 vins et champagnes | Epicerie fine | Le Robert Martinique","description":"Cave \u00e0 vins \u00e9v\u00e8nementielle 100% Vignerons Ind\u00e9pendants \u00e9coresponsables. D\u00e9gustations sur mesure. Click &amp; Collect Livraison \u00e0 domicile","publisher":{"@id":"https:\/\/kavea-martinique.com\/#organization"},"potentialAction":[{"@type":"SearchAction","target":{"@type":"EntryPoint","urlTemplate":"https:\/\/kavea-martinique.com\/?s={search_term_string}"},"query-input":{"@type":"PropertyValueSpecification","valueRequired":true,"valueName":"search_term_string"}}],"inLanguage":"fr-FR"},{"@type":"Organization","@id":"https:\/\/kavea-martinique.com\/#organization","name":"Kav\u00e9a | Cave \u00e0 vins et champagnes | Epicerie fine | Le Robert Martinique","url":"https:\/\/kavea-martinique.com\/","logo":{"@type":"ImageObject","inLanguage":"fr-FR","@id":"https:\/\/kavea-martinique.com\/#\/schema\/logo\/image\/","url":"https:\/\/i0.wp.com\/kavea-martinique.com\/wp-content\/uploads\/2022\/10\/unnamed.png?fit=1280%2C382&ssl=1","contentUrl":"https:\/\/i0.wp.com\/kavea-martinique.com\/wp-content\/uploads\/2022\/10\/unnamed.png?fit=1280%2C382&ssl=1","width":1280,"height":382,"caption":"Kav\u00e9a | Cave \u00e0 vins et champagnes | Epicerie fine | Le Robert Martinique"},"image":{"@id":"https:\/\/kavea-martinique.com\/#\/schema\/logo\/image\/"},"sameAs":["https:\/\/www.instagram.com\/kaveamartinique\/?hl=fr"]}]}},"jetpack-related-posts":[{"id":2889,"url":"https:\/\/kavea-martinique.com\/?product=domaine-la-garrigue-vacqueyras","url_meta":{"origin":2885,"position":0},"title":"Domaine la Garrigue &#8211; Vacqueyras","author":"Marc-Olivier Renay","date":"7 d\u00e9cembre 2022","format":false,"excerpt":"C\u00e9page : 60 % Clairette, 20 % Grenache blanc, 10 % Roussanne, 10 % Marsanne Cuv\u00e9e : Parfum d'origine Mill\u00e9sime : 2021 Label : Haute Valeur Environnementale Contenance : 75 cl Garde : 5 ans Degr\u00e9s d'alcool : 13 \u00b0 Accords mets et vins : Thon grill\u00e9 en croute de\u2026","rel":"","context":"Article similaire","block_context":{"text":"Article similaire","link":""},"img":{"alt_text":"","src":"https:\/\/i0.wp.com\/kavea-martinique.com\/wp-content\/uploads\/2022\/12\/La-Garrigue-Vacqueyras-Blanc.png?fit=1000%2C1000&ssl=1&resize=350%2C200","width":350,"height":200,"srcset":"https:\/\/i0.wp.com\/kavea-martinique.com\/wp-content\/uploads\/2022\/12\/La-Garrigue-Vacqueyras-Blanc.png?fit=1000%2C1000&ssl=1&resize=350%2C200 1x, https:\/\/i0.wp.com\/kavea-martinique.com\/wp-content\/uploads\/2022\/12\/La-Garrigue-Vacqueyras-Blanc.png?fit=1000%2C1000&ssl=1&resize=525%2C300 1.5x, https:\/\/i0.wp.com\/kavea-martinique.com\/wp-content\/uploads\/2022\/12\/La-Garrigue-Vacqueyras-Blanc.png?fit=1000%2C1000&ssl=1&resize=700%2C400 2x"},"classes":[]},{"id":2884,"url":"https:\/\/kavea-martinique.com\/?product=domaine-la-garrigue-gigondas","url_meta":{"origin":2885,"position":1},"title":"Domaine la Garrigue &#8211; Gigondas L&rsquo;Empreinte 1850","author":"Marc-Olivier Renay","date":"7 d\u00e9cembre 2022","format":false,"excerpt":"C\u00e9page :\u00a0 85 % Grenache, 10 % Syrah, 5 % Cinsault Cuv\u00e9e :\u00a0 L'Empreinte 1850 Mill\u00e9sime : 2019 Label :\u00a0 Agriculture Biologique Contenance :\u00a0 75 cl Garde :\u00a0 8 ans Degr\u00e9s d'alcool : \u00a015 \u00b0 Accords mets et vins :\u00a0 Curry d'agneau mijot\u00e9 Temp\u00e9rature de service :\u00a0 18\u00b0 Robe :\u2026","rel":"","context":"Article similaire","block_context":{"text":"Article similaire","link":""},"img":{"alt_text":"","src":"https:\/\/i0.wp.com\/kavea-martinique.com\/wp-content\/uploads\/2022\/12\/La-Garrigue-LEmpreinte-1850.png?fit=432%2C720&ssl=1&resize=350%2C200","width":350,"height":200},"classes":[]},{"id":2898,"url":"https:\/\/kavea-martinique.com\/?product=domaine-du-haut-montlong-monbazillac","url_meta":{"origin":2885,"position":2},"title":"Domaine Les Luquettes &#8211; Mont-Caume","author":"Marc-Olivier Renay","date":"7 d\u00e9cembre 2022","format":false,"excerpt":"C\u00e9page : 50% Cinsault, 50% Grenache Mill\u00e9sime : Label :\u00a0Agriculture Biologique et Haute Valeur Environnementale Contenance : 75 cl Garde : 2 ans Degr\u00e9s d'alcool : 13 \u00b0 Accords mets et vins : A l'ap\u00e9ro avec des copines Temp\u00e9rature de service : 10 \u00b0 Robe : Rose p\u00e2le Nez :\u2026","rel":"","context":"Article similaire","block_context":{"text":"Article similaire","link":""},"img":{"alt_text":"","src":"https:\/\/i0.wp.com\/kavea-martinique.com\/wp-content\/uploads\/2022\/12\/lqqsah2LQYeMoU0rAt28TA_pb_600x600.png?fit=600%2C600&ssl=1&resize=350%2C200","width":350,"height":200,"srcset":"https:\/\/i0.wp.com\/kavea-martinique.com\/wp-content\/uploads\/2022\/12\/lqqsah2LQYeMoU0rAt28TA_pb_600x600.png?fit=600%2C600&ssl=1&resize=350%2C200 1x, https:\/\/i0.wp.com\/kavea-martinique.com\/wp-content\/uploads\/2022\/12\/lqqsah2LQYeMoU0rAt28TA_pb_600x600.png?fit=600%2C600&ssl=1&resize=525%2C300 1.5x"},"classes":[]},{"id":2903,"url":"https:\/\/kavea-martinique.com\/?product=domaine-de-la-rochelierre-fitou","url_meta":{"origin":2885,"position":3},"title":"Domaine de la Rochelierre &#8211; Fitou","author":"Marc-Olivier Renay","date":"7 d\u00e9cembre 2022","format":false,"excerpt":"C\u00e9page : 30% Carignan, 30% Grenache, 30% Syrah, 10% Mourv\u00e8dre Cuv\u00e9e : Privil\u00e8ge Mill\u00e9sime : 2020 Label :\u00a0Haute Valeur Environnementale Contenance : 75 cl Garde : 8 ans Degr\u00e9s d'alcool : 15 \u00b0 Accords mets et vins : Rouelle de porc mijot\u00e9e 6 heures, \u00e9cras\u00e9 de pomme de terre Temp\u00e9rature\u2026","rel":"","context":"Article similaire","block_context":{"text":"Article similaire","link":""},"img":{"alt_text":"","src":"https:\/\/i0.wp.com\/kavea-martinique.com\/wp-content\/uploads\/2022\/12\/La-Rochelierre-Privilege.png?fit=720%2C905&ssl=1&resize=350%2C200","width":350,"height":200,"srcset":"https:\/\/i0.wp.com\/kavea-martinique.com\/wp-content\/uploads\/2022\/12\/La-Rochelierre-Privilege.png?fit=720%2C905&ssl=1&resize=350%2C200 1x, https:\/\/i0.wp.com\/kavea-martinique.com\/wp-content\/uploads\/2022\/12\/La-Rochelierre-Privilege.png?fit=720%2C905&ssl=1&resize=525%2C300 1.5x, https:\/\/i0.wp.com\/kavea-martinique.com\/wp-content\/uploads\/2022\/12\/La-Rochelierre-Privilege.png?fit=720%2C905&ssl=1&resize=700%2C400 2x"},"classes":[]},{"id":3211,"url":"https:\/\/kavea-martinique.com\/?product=domaine-la-garrigue-vacqueyras-albert-et-camille","url_meta":{"origin":2885,"position":4},"title":"Domaine la Garrigue Vacqueyras &#8211; Albert et Camille","author":"Marc-Olivier Renay","date":"27 janvier 2023","format":false,"excerpt":"C\u00e9page : 80 % Grenache blanc, 10 % Syrah, 5 % Mourv\u00e8dre, 5 % Cinsault Cuv\u00e9e :\u00a0 Albert et Camille Mill\u00e9sime :\u00a0 2020 Label :\u00a0 Haute Valeur Environnementale Contenance : 75 cl Garde :\u00a0 7 ans Degr\u00e9s d\u2019alcool :\u00a0\u00a015,5 \u00b0 Accords mets et vins :\u00a0\u00a0Joue de b\u0153uf brais\u00e9e aux champignons\u2026","rel":"","context":"Article similaire","block_context":{"text":"Article similaire","link":""},"img":{"alt_text":"","src":"https:\/\/i0.wp.com\/kavea-martinique.com\/wp-content\/uploads\/2023\/01\/3104509383.png?fit=433%2C577&ssl=1&resize=350%2C200","width":350,"height":200},"classes":[]},{"id":2933,"url":"https:\/\/kavea-martinique.com\/?product=poulet-et-fils-clairette-de-die","url_meta":{"origin":2885,"position":5},"title":"Domaine Poulet et Fils Clairette de Die","author":"Marc-Olivier Renay","date":"7 d\u00e9cembre 2022","format":false,"excerpt":"C\u00e9page : 85% Clairette Blanche, 10% Aligot\u00e9, 5% Muscat Blanc Cuv\u00e9e : Clairette de Die Mill\u00e9sime :\u00a0 Label :\u00a0 Haute Valeur Environnementale Contenance : 75 cl Garde : 2 ans Degr\u00e9s d'alcool : 8,5 \u00b0 Accords mets et vins : Mangue r\u00f4tie au miel et basilic Temp\u00e9rature de service :\u2026","rel":"","context":"Article similaire","block_context":{"text":"Article similaire","link":""},"img":{"alt_text":"","src":"https:\/\/i0.wp.com\/kavea-martinique.com\/wp-content\/uploads\/2022\/12\/Poulet-Clairette-de-Die.webp?fit=310%2C787&ssl=1&resize=350%2C200","width":350,"height":200},"classes":[]}],"jetpack_sharing_enabled":true,"_links":{"self":[{"href":"https:\/\/kavea-martinique.com\/index.php?rest_route=\/wp\/v2\/product\/2885","targetHints":{"allow":["GET"]}}],"collection":[{"href":"https:\/\/kavea-martinique.com\/index.php?rest_route=\/wp\/v2\/product"}],"about":[{"href":"https:\/\/kavea-martinique.com\/index.php?rest_route=\/wp\/v2\/types\/product"}],"replies":[{"embeddable":true,"href":"https:\/\/kavea-martinique.com\/index.php?rest_route=%2Fwp%2Fv2%2Fcomments&post=2885"}],"wp:featuredmedia":[{"embeddable":true,"href":"https:\/\/kavea-martinique.com\/index.php?rest_route=\/wp\/v2\/media\/3093"}],"wp:attachment":[{"href":"https:\/\/kavea-martinique.com\/index.php?rest_route=%2Fwp%2Fv2%2Fmedia&parent=2885"}],"wp:term":[{"taxonomy":"product_brand","embeddable":true,"href":"https:\/\/kavea-martinique.com\/index.php?rest_route=%2Fwp%2Fv2%2Fproduct_brand&post=2885"},{"taxonomy":"product_cat","embeddable":true,"href":"https:\/\/kavea-martinique.com\/index.php?rest_route=%2Fwp%2Fv2%2Fproduct_cat&post=2885"},{"taxonomy":"product_tag","embeddable":true,"href":"https:\/\/kavea-martinique.com\/index.php?rest_route=%2Fwp%2Fv2%2Fproduct_tag&post=2885"}],"curies":[{"name":"wp","href":"https:\/\/api.w.org\/{rel}","templated":true}]}}