{"id":3211,"date":"2023-01-27T20:47:35","date_gmt":"2023-01-27T19:47:35","guid":{"rendered":"https:\/\/kavea-martinique.com\/?post_type=product&#038;p=3211"},"modified":"2023-02-09T18:13:47","modified_gmt":"2023-02-09T17:13:47","slug":"domaine-la-garrigue-vacqueyras-albert-et-camille","status":"publish","type":"product","link":"https:\/\/kavea-martinique.com\/?product=domaine-la-garrigue-vacqueyras-albert-et-camille","title":{"rendered":"Domaine la Garrigue Vacqueyras &#8211; Albert et Camille"},"content":{"rendered":"","protected":false},"excerpt":{"rendered":"<p><em><strong>C\u00e9page :<\/strong><\/em> 80 % Grenache blanc, 10 % Syrah, 5 % Mourv\u00e8dre, 5 % Cinsault<br \/>\n<em><strong>Cuv\u00e9e :<\/strong><\/em>\u00a0 Albert et Camille<br \/>\n<em><strong>Mill\u00e9sime :<\/strong><\/em>\u00a0 2020<br \/>\n<em><strong>Label :<\/strong><\/em>\u00a0 Haute Valeur Environnementale<br \/>\n<em><strong>Contenance :<\/strong><\/em> 75 cl<br \/>\n<em><strong>Garde :<\/strong><\/em>\u00a0 7 ans<br \/>\n<em><strong>Degr\u00e9s d\u2019alcool :<\/strong>\u00a0\u00a0<\/em>15,5 \u00b0<br \/>\n<em><strong>Accords mets et vins :\u00a0\u00a0<\/strong><\/em>Joue de b\u0153uf brais\u00e9e aux champignons<br \/>\n<em><strong>Temp\u00e9rature de service :<\/strong><\/em>\u00a0 18\u00b0<br \/>\n<em><strong>Robe :\u00a0\u00a0<\/strong><\/em>Rouge profond<br \/>\n<em><strong>Nez : <\/strong><\/em>Intensit\u00e9s de fruits rouges m\u00fbrs<br \/>\n<em><strong>Bouche :\u00a0 <\/strong><\/em>Longue et complexe, aux notes de garrigue<\/p>\n","protected":false},"featured_media":3212,"comment_status":"open","ping_status":"closed","template":"","meta":{"site-sidebar-layout":"default","site-content-layout":"default","ast-site-content-layout":"","site-content-style":"default","site-sidebar-style":"default","ast-global-header-display":"","ast-banner-title-visibility":"","ast-main-header-display":"","ast-hfb-above-header-display":"","ast-hfb-below-header-display":"","ast-hfb-mobile-header-display":"","site-post-title":"","ast-breadcrumbs-content":"","ast-featured-img":"","footer-sml-layout":"","theme-transparent-header-meta":"default","adv-header-id-meta":"","stick-header-meta":"","header-above-stick-meta":"","header-main-stick-meta":"","header-below-stick-meta":"","astra-migrate-meta-layouts":"default","ast-page-background-enabled":"default","ast-page-background-meta":{"desktop":{"background-color":"","background-image":"","background-repeat":"repeat","background-position":"center center","background-size":"auto","background-attachment":"scroll","background-type":"","background-media":"","overlay-type":"","overlay-color":"","overlay-gradient":""},"tablet":{"background-color":"","background-image":"","background-repeat":"repeat","background-position":"center center","background-size":"auto","background-attachment":"scroll","background-type":"","background-media":"","overlay-type":"","overlay-color":"","overlay-gradient":""},"mobile":{"background-color":"","background-image":"","background-repeat":"repeat","background-position":"center center","background-size":"auto","background-attachment":"scroll","background-type":"","background-media":"","overlay-type":"","overlay-color":"","overlay-gradient":""}},"ast-content-background-meta":{"desktop":{"background-color":"var(--ast-global-color-5)","background-image":"","background-repeat":"repeat","background-position":"center center","background-size":"auto","background-attachment":"scroll","background-type":"","background-media":"","overlay-type":"","overlay-color":"","overlay-gradient":""},"tablet":{"background-color":"var(--ast-global-color-5)","background-image":"","background-repeat":"repeat","background-position":"center center","background-size":"auto","background-attachment":"scroll","background-type":"","background-media":"","overlay-type":"","overlay-color":"","overlay-gradient":""},"mobile":{"background-color":"var(--ast-global-color-5)","background-image":"","background-repeat":"repeat","background-position":"center center","background-size":"auto","background-attachment":"scroll","background-type":"","background-media":"","overlay-type":"","overlay-color":"","overlay-gradient":""}},"_themeisle_gutenberg_block_has_review":false},"product_brand":[],"product_cat":[34,28],"product_tag":[],"class_list":{"0":"post-3211","1":"product","2":"type-product","3":"status-publish","4":"has-post-thumbnail","6":"product_cat-vallee-du-rhone","7":"product_cat-vins-rouges","8":"desktop-align-left","9":"tablet-align-left","10":"mobile-align-left","12":"first","13":"instock","14":"shipping-taxable","15":"purchasable","16":"product-type-simple"},"yoast_head":"<!-- This site is optimized with the Yoast SEO plugin v27.4 - https:\/\/yoast.com\/product\/yoast-seo-wordpress\/ -->\n<title>Domaine la Garrigue Vacqueyras - Albert et Camille - Kav\u00e9a | Cave \u00e0 vins et champagnes | Epicerie fine | Le Robert Martinique<\/title>\n<meta name=\"robots\" content=\"index, follow, max-snippet:-1, max-image-preview:large, max-video-preview:-1\" \/>\n<link rel=\"canonical\" href=\"https:\/\/kavea-martinique.com\/?product=domaine-la-garrigue-vacqueyras-albert-et-camille\" \/>\n<meta property=\"og:locale\" content=\"fr_FR\" \/>\n<meta property=\"og:type\" content=\"article\" \/>\n<meta property=\"og:title\" content=\"Domaine la Garrigue Vacqueyras - Albert et Camille - Kav\u00e9a | Cave \u00e0 vins et champagnes | Epicerie fine | Le Robert Martinique\" \/>\n<meta property=\"og:description\" content=\"C\u00e9page : 80 % Grenache blanc, 10 % Syrah, 5 % Mourv\u00e8dre, 5 % Cinsault Cuv\u00e9e :\u00a0 Albert et Camille Mill\u00e9sime :\u00a0 2020 Label :\u00a0 Haute Valeur Environnementale Contenance : 75 cl Garde :\u00a0 7 ans Degr\u00e9s d\u2019alcool :\u00a0\u00a015,5 \u00b0 Accords mets et vins :\u00a0\u00a0Joue de b\u0153uf brais\u00e9e aux champignons Temp\u00e9rature de service :\u00a0 18\u00b0 Robe :\u00a0\u00a0Rouge profond Nez : Intensit\u00e9s de fruits rouges m\u00fbrs Bouche :\u00a0 Longue et complexe, aux notes de garrigue\" \/>\n<meta property=\"og:url\" content=\"https:\/\/kavea-martinique.com\/?product=domaine-la-garrigue-vacqueyras-albert-et-camille\" \/>\n<meta property=\"og:site_name\" content=\"Kav\u00e9a | Cave \u00e0 vins et champagnes | Epicerie fine | Le Robert Martinique\" \/>\n<meta property=\"article:modified_time\" content=\"2023-02-09T17:13:47+00:00\" \/>\n<meta property=\"og:image\" content=\"https:\/\/i0.wp.com\/kavea-martinique.com\/wp-content\/uploads\/2023\/01\/3104509383.png?fit=433%2C577&ssl=1\" \/>\n\t<meta property=\"og:image:width\" content=\"433\" \/>\n\t<meta property=\"og:image:height\" content=\"577\" \/>\n\t<meta property=\"og:image:type\" content=\"image\/png\" \/>\n<meta name=\"twitter:card\" content=\"summary_large_image\" \/>\n<script type=\"application\/ld+json\" class=\"yoast-schema-graph\">{\"@context\":\"https:\\\/\\\/schema.org\",\"@graph\":[{\"@type\":\"WebPage\",\"@id\":\"https:\\\/\\\/kavea-martinique.com\\\/?product=domaine-la-garrigue-vacqueyras-albert-et-camille\",\"url\":\"https:\\\/\\\/kavea-martinique.com\\\/?product=domaine-la-garrigue-vacqueyras-albert-et-camille\",\"name\":\"Domaine la Garrigue Vacqueyras - Albert et Camille - Kav\u00e9a | Cave \u00e0 vins et champagnes | Epicerie fine | Le Robert Martinique\",\"isPartOf\":{\"@id\":\"https:\\\/\\\/kavea-martinique.com\\\/#website\"},\"primaryImageOfPage\":{\"@id\":\"https:\\\/\\\/kavea-martinique.com\\\/?product=domaine-la-garrigue-vacqueyras-albert-et-camille#primaryimage\"},\"image\":{\"@id\":\"https:\\\/\\\/kavea-martinique.com\\\/?product=domaine-la-garrigue-vacqueyras-albert-et-camille#primaryimage\"},\"thumbnailUrl\":\"https:\\\/\\\/i0.wp.com\\\/kavea-martinique.com\\\/wp-content\\\/uploads\\\/2023\\\/01\\\/3104509383.png?fit=433%2C577&ssl=1\",\"datePublished\":\"2023-01-27T19:47:35+00:00\",\"dateModified\":\"2023-02-09T17:13:47+00:00\",\"breadcrumb\":{\"@id\":\"https:\\\/\\\/kavea-martinique.com\\\/?product=domaine-la-garrigue-vacqueyras-albert-et-camille#breadcrumb\"},\"inLanguage\":\"fr-FR\",\"potentialAction\":[{\"@type\":\"ReadAction\",\"target\":[\"https:\\\/\\\/kavea-martinique.com\\\/?product=domaine-la-garrigue-vacqueyras-albert-et-camille\"]}]},{\"@type\":\"ImageObject\",\"inLanguage\":\"fr-FR\",\"@id\":\"https:\\\/\\\/kavea-martinique.com\\\/?product=domaine-la-garrigue-vacqueyras-albert-et-camille#primaryimage\",\"url\":\"https:\\\/\\\/i0.wp.com\\\/kavea-martinique.com\\\/wp-content\\\/uploads\\\/2023\\\/01\\\/3104509383.png?fit=433%2C577&ssl=1\",\"contentUrl\":\"https:\\\/\\\/i0.wp.com\\\/kavea-martinique.com\\\/wp-content\\\/uploads\\\/2023\\\/01\\\/3104509383.png?fit=433%2C577&ssl=1\",\"width\":433,\"height\":577},{\"@type\":\"BreadcrumbList\",\"@id\":\"https:\\\/\\\/kavea-martinique.com\\\/?product=domaine-la-garrigue-vacqueyras-albert-et-camille#breadcrumb\",\"itemListElement\":[{\"@type\":\"ListItem\",\"position\":1,\"name\":\"Accueil\",\"item\":\"https:\\\/\\\/kavea-martinique.com\\\/\"},{\"@type\":\"ListItem\",\"position\":2,\"name\":\"Shop\",\"item\":\"https:\\\/\\\/kavea-martinique.com\\\/?page_id=401\"},{\"@type\":\"ListItem\",\"position\":3,\"name\":\"Domaine la Garrigue Vacqueyras &#8211; Albert et Camille\"}]},{\"@type\":\"WebSite\",\"@id\":\"https:\\\/\\\/kavea-martinique.com\\\/#website\",\"url\":\"https:\\\/\\\/kavea-martinique.com\\\/\",\"name\":\"Kav\u00e9a | Cave \u00e0 vins et champagnes | Epicerie fine | Le Robert Martinique\",\"description\":\"Cave \u00e0 vins \u00e9v\u00e8nementielle 100% Vignerons Ind\u00e9pendants \u00e9coresponsables. D\u00e9gustations sur mesure. Click &amp; Collect Livraison \u00e0 domicile\",\"publisher\":{\"@id\":\"https:\\\/\\\/kavea-martinique.com\\\/#organization\"},\"potentialAction\":[{\"@type\":\"SearchAction\",\"target\":{\"@type\":\"EntryPoint\",\"urlTemplate\":\"https:\\\/\\\/kavea-martinique.com\\\/?s={search_term_string}\"},\"query-input\":{\"@type\":\"PropertyValueSpecification\",\"valueRequired\":true,\"valueName\":\"search_term_string\"}}],\"inLanguage\":\"fr-FR\"},{\"@type\":\"Organization\",\"@id\":\"https:\\\/\\\/kavea-martinique.com\\\/#organization\",\"name\":\"Kav\u00e9a | Cave \u00e0 vins et champagnes | Epicerie fine | Le Robert Martinique\",\"url\":\"https:\\\/\\\/kavea-martinique.com\\\/\",\"logo\":{\"@type\":\"ImageObject\",\"inLanguage\":\"fr-FR\",\"@id\":\"https:\\\/\\\/kavea-martinique.com\\\/#\\\/schema\\\/logo\\\/image\\\/\",\"url\":\"https:\\\/\\\/i0.wp.com\\\/kavea-martinique.com\\\/wp-content\\\/uploads\\\/2022\\\/10\\\/unnamed.png?fit=1280%2C382&ssl=1\",\"contentUrl\":\"https:\\\/\\\/i0.wp.com\\\/kavea-martinique.com\\\/wp-content\\\/uploads\\\/2022\\\/10\\\/unnamed.png?fit=1280%2C382&ssl=1\",\"width\":1280,\"height\":382,\"caption\":\"Kav\u00e9a | Cave \u00e0 vins et champagnes | Epicerie fine | Le Robert Martinique\"},\"image\":{\"@id\":\"https:\\\/\\\/kavea-martinique.com\\\/#\\\/schema\\\/logo\\\/image\\\/\"},\"sameAs\":[\"https:\\\/\\\/www.instagram.com\\\/kaveamartinique\\\/?hl=fr\"]}]}<\/script>\n<!-- \/ Yoast SEO plugin. -->","yoast_head_json":{"title":"Domaine la Garrigue Vacqueyras - Albert et Camille - Kav\u00e9a | Cave \u00e0 vins et champagnes | Epicerie fine | Le Robert Martinique","robots":{"index":"index","follow":"follow","max-snippet":"max-snippet:-1","max-image-preview":"max-image-preview:large","max-video-preview":"max-video-preview:-1"},"canonical":"https:\/\/kavea-martinique.com\/?product=domaine-la-garrigue-vacqueyras-albert-et-camille","og_locale":"fr_FR","og_type":"article","og_title":"Domaine la Garrigue Vacqueyras - Albert et Camille - Kav\u00e9a | Cave \u00e0 vins et champagnes | Epicerie fine | Le Robert Martinique","og_description":"C\u00e9page : 80 % Grenache blanc, 10 % Syrah, 5 % Mourv\u00e8dre, 5 % Cinsault Cuv\u00e9e :\u00a0 Albert et Camille Mill\u00e9sime :\u00a0 2020 Label :\u00a0 Haute Valeur Environnementale Contenance : 75 cl Garde :\u00a0 7 ans Degr\u00e9s d\u2019alcool :\u00a0\u00a015,5 \u00b0 Accords mets et vins :\u00a0\u00a0Joue de b\u0153uf brais\u00e9e aux champignons Temp\u00e9rature de service :\u00a0 18\u00b0 Robe :\u00a0\u00a0Rouge profond Nez : Intensit\u00e9s de fruits rouges m\u00fbrs Bouche :\u00a0 Longue et complexe, aux notes de garrigue","og_url":"https:\/\/kavea-martinique.com\/?product=domaine-la-garrigue-vacqueyras-albert-et-camille","og_site_name":"Kav\u00e9a | Cave \u00e0 vins et champagnes | Epicerie fine | Le Robert Martinique","article_modified_time":"2023-02-09T17:13:47+00:00","og_image":[{"width":433,"height":577,"url":"https:\/\/i0.wp.com\/kavea-martinique.com\/wp-content\/uploads\/2023\/01\/3104509383.png?fit=433%2C577&ssl=1","type":"image\/png"}],"twitter_card":"summary_large_image","schema":{"@context":"https:\/\/schema.org","@graph":[{"@type":"WebPage","@id":"https:\/\/kavea-martinique.com\/?product=domaine-la-garrigue-vacqueyras-albert-et-camille","url":"https:\/\/kavea-martinique.com\/?product=domaine-la-garrigue-vacqueyras-albert-et-camille","name":"Domaine la Garrigue Vacqueyras - Albert et Camille - Kav\u00e9a | Cave \u00e0 vins et champagnes | Epicerie fine | Le Robert Martinique","isPartOf":{"@id":"https:\/\/kavea-martinique.com\/#website"},"primaryImageOfPage":{"@id":"https:\/\/kavea-martinique.com\/?product=domaine-la-garrigue-vacqueyras-albert-et-camille#primaryimage"},"image":{"@id":"https:\/\/kavea-martinique.com\/?product=domaine-la-garrigue-vacqueyras-albert-et-camille#primaryimage"},"thumbnailUrl":"https:\/\/i0.wp.com\/kavea-martinique.com\/wp-content\/uploads\/2023\/01\/3104509383.png?fit=433%2C577&ssl=1","datePublished":"2023-01-27T19:47:35+00:00","dateModified":"2023-02-09T17:13:47+00:00","breadcrumb":{"@id":"https:\/\/kavea-martinique.com\/?product=domaine-la-garrigue-vacqueyras-albert-et-camille#breadcrumb"},"inLanguage":"fr-FR","potentialAction":[{"@type":"ReadAction","target":["https:\/\/kavea-martinique.com\/?product=domaine-la-garrigue-vacqueyras-albert-et-camille"]}]},{"@type":"ImageObject","inLanguage":"fr-FR","@id":"https:\/\/kavea-martinique.com\/?product=domaine-la-garrigue-vacqueyras-albert-et-camille#primaryimage","url":"https:\/\/i0.wp.com\/kavea-martinique.com\/wp-content\/uploads\/2023\/01\/3104509383.png?fit=433%2C577&ssl=1","contentUrl":"https:\/\/i0.wp.com\/kavea-martinique.com\/wp-content\/uploads\/2023\/01\/3104509383.png?fit=433%2C577&ssl=1","width":433,"height":577},{"@type":"BreadcrumbList","@id":"https:\/\/kavea-martinique.com\/?product=domaine-la-garrigue-vacqueyras-albert-et-camille#breadcrumb","itemListElement":[{"@type":"ListItem","position":1,"name":"Accueil","item":"https:\/\/kavea-martinique.com\/"},{"@type":"ListItem","position":2,"name":"Shop","item":"https:\/\/kavea-martinique.com\/?page_id=401"},{"@type":"ListItem","position":3,"name":"Domaine la Garrigue Vacqueyras &#8211; Albert et Camille"}]},{"@type":"WebSite","@id":"https:\/\/kavea-martinique.com\/#website","url":"https:\/\/kavea-martinique.com\/","name":"Kav\u00e9a | Cave \u00e0 vins et champagnes | Epicerie fine | Le Robert Martinique","description":"Cave \u00e0 vins \u00e9v\u00e8nementielle 100% Vignerons Ind\u00e9pendants \u00e9coresponsables. D\u00e9gustations sur mesure. Click &amp; Collect Livraison \u00e0 domicile","publisher":{"@id":"https:\/\/kavea-martinique.com\/#organization"},"potentialAction":[{"@type":"SearchAction","target":{"@type":"EntryPoint","urlTemplate":"https:\/\/kavea-martinique.com\/?s={search_term_string}"},"query-input":{"@type":"PropertyValueSpecification","valueRequired":true,"valueName":"search_term_string"}}],"inLanguage":"fr-FR"},{"@type":"Organization","@id":"https:\/\/kavea-martinique.com\/#organization","name":"Kav\u00e9a | Cave \u00e0 vins et champagnes | Epicerie fine | Le Robert Martinique","url":"https:\/\/kavea-martinique.com\/","logo":{"@type":"ImageObject","inLanguage":"fr-FR","@id":"https:\/\/kavea-martinique.com\/#\/schema\/logo\/image\/","url":"https:\/\/i0.wp.com\/kavea-martinique.com\/wp-content\/uploads\/2022\/10\/unnamed.png?fit=1280%2C382&ssl=1","contentUrl":"https:\/\/i0.wp.com\/kavea-martinique.com\/wp-content\/uploads\/2022\/10\/unnamed.png?fit=1280%2C382&ssl=1","width":1280,"height":382,"caption":"Kav\u00e9a | Cave \u00e0 vins et champagnes | Epicerie fine | Le Robert Martinique"},"image":{"@id":"https:\/\/kavea-martinique.com\/#\/schema\/logo\/image\/"},"sameAs":["https:\/\/www.instagram.com\/kaveamartinique\/?hl=fr"]}]}},"jetpack-related-posts":[{"id":2881,"url":"https:\/\/kavea-martinique.com\/?product=domaine-la-garrigue-beaumes-de-venise","url_meta":{"origin":3211,"position":0},"title":"Domaine la Garrigue &#8211; Beaumes de Venise Sentier Secret","author":"Marc-Olivier Renay","date":"7 d\u00e9cembre 2022","format":false,"excerpt":"C\u00e9page :\u00a0 75 % Grenache, 20 % Syrah, 5 % Mourv\u00e8dre Cuv\u00e9e :\u00a0 Sentier Secret Mill\u00e9sime :\u00a0 2020 Label :\u00a0 Haute Valeur Environnementale Contenance :\u00a0 75 cl Garde :\u00a0 3 ans Degr\u00e9s d'alcool : \u00a015,5\u00b0 Accords mets et vins :\u00a0 Lapin aux pruneaux Temp\u00e9rature de service :\u00a0 18\u00b0 Robe :\u2026","rel":"","context":"Article similaire","block_context":{"text":"Article similaire","link":""},"img":{"alt_text":"","src":"https:\/\/i0.wp.com\/kavea-martinique.com\/wp-content\/uploads\/2022\/12\/AnyConv.com__La-Garrigue-Sentier-Secret.png?fit=480%2C800&ssl=1&resize=350%2C200","width":350,"height":200},"classes":[]},{"id":2884,"url":"https:\/\/kavea-martinique.com\/?product=domaine-la-garrigue-gigondas","url_meta":{"origin":3211,"position":1},"title":"Domaine la Garrigue &#8211; Gigondas L&rsquo;Empreinte 1850","author":"Marc-Olivier Renay","date":"7 d\u00e9cembre 2022","format":false,"excerpt":"C\u00e9page :\u00a0 85 % Grenache, 10 % Syrah, 5 % Cinsault Cuv\u00e9e :\u00a0 L'Empreinte 1850 Mill\u00e9sime : 2019 Label :\u00a0 Agriculture Biologique Contenance :\u00a0 75 cl Garde :\u00a0 8 ans Degr\u00e9s d'alcool : \u00a015 \u00b0 Accords mets et vins :\u00a0 Curry d'agneau mijot\u00e9 Temp\u00e9rature de service :\u00a0 18\u00b0 Robe :\u2026","rel":"","context":"Article similaire","block_context":{"text":"Article similaire","link":""},"img":{"alt_text":"","src":"https:\/\/i0.wp.com\/kavea-martinique.com\/wp-content\/uploads\/2022\/12\/La-Garrigue-LEmpreinte-1850.png?fit=432%2C720&ssl=1&resize=350%2C200","width":350,"height":200},"classes":[]},{"id":2889,"url":"https:\/\/kavea-martinique.com\/?product=domaine-la-garrigue-vacqueyras","url_meta":{"origin":3211,"position":2},"title":"Domaine la Garrigue &#8211; Vacqueyras","author":"Marc-Olivier Renay","date":"7 d\u00e9cembre 2022","format":false,"excerpt":"C\u00e9page : 60 % Clairette, 20 % Grenache blanc, 10 % Roussanne, 10 % Marsanne Cuv\u00e9e : Parfum d'origine Mill\u00e9sime : 2021 Label : Haute Valeur Environnementale Contenance : 75 cl Garde : 5 ans Degr\u00e9s d'alcool : 13 \u00b0 Accords mets et vins : Thon grill\u00e9 en croute de\u2026","rel":"","context":"Article similaire","block_context":{"text":"Article similaire","link":""},"img":{"alt_text":"","src":"https:\/\/i0.wp.com\/kavea-martinique.com\/wp-content\/uploads\/2022\/12\/La-Garrigue-Vacqueyras-Blanc.png?fit=1000%2C1000&ssl=1&resize=350%2C200","width":350,"height":200,"srcset":"https:\/\/i0.wp.com\/kavea-martinique.com\/wp-content\/uploads\/2022\/12\/La-Garrigue-Vacqueyras-Blanc.png?fit=1000%2C1000&ssl=1&resize=350%2C200 1x, https:\/\/i0.wp.com\/kavea-martinique.com\/wp-content\/uploads\/2022\/12\/La-Garrigue-Vacqueyras-Blanc.png?fit=1000%2C1000&ssl=1&resize=525%2C300 1.5x, https:\/\/i0.wp.com\/kavea-martinique.com\/wp-content\/uploads\/2022\/12\/La-Garrigue-Vacqueyras-Blanc.png?fit=1000%2C1000&ssl=1&resize=700%2C400 2x"},"classes":[]},{"id":2900,"url":"https:\/\/kavea-martinique.com\/?product=chateau-les-palais-corbieres","url_meta":{"origin":3211,"position":3},"title":"Ch\u00e2teau Les Palais 6 Petits Gars- Corbi\u00e8res","author":"Marc-Olivier Renay","date":"7 d\u00e9cembre 2022","format":false,"excerpt":"C\u00e9page :\u00a0 60% Carignan, 30% Grenache, 10% Syrah Cuv\u00e9e :\u00a0 6 Petits Gars Mill\u00e9sime :\u00a0 2022 Label :\u00a0\u00a0 Haute Valeur Environnementale Contenance :\u00a0 75 cl Garde :\u00a0 3 ans Degr\u00e9s d'alcool : \u00a013 \u00b0 Accords mets et vins :\u00a0 Tatin de lambi \u00e0 la mangue et au piment Temp\u00e9rature de\u2026","rel":"","context":"Avec 1 commentaire","block_context":{"text":"Avec 1 commentaire","link":"https:\/\/kavea-martinique.com\/?product=chateau-les-palais-corbieres#comments"},"img":{"alt_text":"","src":"https:\/\/i0.wp.com\/kavea-martinique.com\/wp-content\/uploads\/2022\/12\/les-6-petits-gars-des-palais-removebg-preview.png?fit=458%2C458&ssl=1&resize=350%2C200","width":350,"height":200},"classes":[]},{"id":167,"url":"https:\/\/kavea-martinique.com\/?product=rock-n-roll-yellow-printed-tshirt","url_meta":{"origin":3211,"position":4},"title":"Domaine Feuillat-Juillot &#8211; Montagny","author":"Marc-Olivier Renay","date":"19 juin 2018","format":false,"excerpt":"C\u00e9page : 100 % Chardonnay Cuv\u00e9e : Camille Mill\u00e9sime : 2020 Label : Haute Valeur Environnementale Contenance : 75 cl Garde : 3 ans Degr\u00e9s d\u2019alcool : 13,5 \u00b0 Accords mets et vins : Plateau de fruits de mers Temp\u00e9rature de service : 12 \u00b0 Robe : Jaune intense Nez\u2026","rel":"","context":"Article similaire","block_context":{"text":"Article similaire","link":""},"img":{"alt_text":"","src":"https:\/\/i0.wp.com\/kavea-martinique.com\/wp-content\/uploads\/2018\/06\/Sans_titre-removebg-preview-2.png?fit=387%2C645&ssl=1&resize=350%2C200","width":350,"height":200},"classes":[]},{"id":3991,"url":"https:\/\/kavea-martinique.com\/?product=lavi-est-belle-rouge","url_meta":{"origin":3211,"position":5},"title":"Domaine Christophe Avi &#8211; L&rsquo;Avi est Belle Rouge","author":"admin6392","date":"22 f\u00e9vrier 2024","format":false,"excerpt":"C\u00e9pages : 60% Egiodola, 35% Merlot, 5% Cabernet Franc Cuv\u00e9e :\u00a0 l'Avi est Belle Mill\u00e9sime :\u00a0 2021 Label : Agriculture Biologique Contenance : 75 cl Garde :\u00a0 5 ans Degr\u00e9s d\u2019alcool :\u00a0\u00a011,5 \u00b0 Accords mets et vins :\u00a0 Fricass\u00e9 de chatrou Temp\u00e9rature de service :\u00a0 15\u00b0 Robe : Grenat, non\u2026","rel":"","context":"Article similaire","block_context":{"text":"Article similaire","link":""},"img":{"alt_text":"","src":"https:\/\/i0.wp.com\/kavea-martinique.com\/wp-content\/uploads\/2024\/02\/WSC01614-1-1.png?fit=555%2C555&ssl=1&resize=350%2C200","width":350,"height":200,"srcset":"https:\/\/i0.wp.com\/kavea-martinique.com\/wp-content\/uploads\/2024\/02\/WSC01614-1-1.png?fit=555%2C555&ssl=1&resize=350%2C200 1x, https:\/\/i0.wp.com\/kavea-martinique.com\/wp-content\/uploads\/2024\/02\/WSC01614-1-1.png?fit=555%2C555&ssl=1&resize=525%2C300 1.5x"},"classes":[]}],"jetpack_sharing_enabled":true,"_links":{"self":[{"href":"https:\/\/kavea-martinique.com\/index.php?rest_route=\/wp\/v2\/product\/3211","targetHints":{"allow":["GET"]}}],"collection":[{"href":"https:\/\/kavea-martinique.com\/index.php?rest_route=\/wp\/v2\/product"}],"about":[{"href":"https:\/\/kavea-martinique.com\/index.php?rest_route=\/wp\/v2\/types\/product"}],"replies":[{"embeddable":true,"href":"https:\/\/kavea-martinique.com\/index.php?rest_route=%2Fwp%2Fv2%2Fcomments&post=3211"}],"wp:featuredmedia":[{"embeddable":true,"href":"https:\/\/kavea-martinique.com\/index.php?rest_route=\/wp\/v2\/media\/3212"}],"wp:attachment":[{"href":"https:\/\/kavea-martinique.com\/index.php?rest_route=%2Fwp%2Fv2%2Fmedia&parent=3211"}],"wp:term":[{"taxonomy":"product_brand","embeddable":true,"href":"https:\/\/kavea-martinique.com\/index.php?rest_route=%2Fwp%2Fv2%2Fproduct_brand&post=3211"},{"taxonomy":"product_cat","embeddable":true,"href":"https:\/\/kavea-martinique.com\/index.php?rest_route=%2Fwp%2Fv2%2Fproduct_cat&post=3211"},{"taxonomy":"product_tag","embeddable":true,"href":"https:\/\/kavea-martinique.com\/index.php?rest_route=%2Fwp%2Fv2%2Fproduct_tag&post=3211"}],"curies":[{"name":"wp","href":"https:\/\/api.w.org\/{rel}","templated":true}]}}